 + -9 + -2)) + -17.
-20
What is the value of (-1 - -14) + 337 + -327 - (15 + 0)?
8
Evaluate (3 + (1 - 2) - (1084 + -1091)) + 73.
82
What is the value of 5 + -36 + (-102 - (-29 + -13))?
-91
What is the value of (30 - (17 - 44)) + (-1 - -11) + (-68 - -62)?
61
-23 + 0 + 132 + -98 + -5
6
What is the value of -32 - ((-4 - 2) + -639 + 667)?
-54
What is the value of -93 - ((-442 - -450) + (2 - 1)) - 19?
-121
What is the value of -1 + 12 + -1 - (-2268 + 2183)?
95
What is 19 + 6 + -8 + 23 + -13?
27
What is -15 + -50 + 17 + -3 - (-4 + -3 + -3)?
-41
Evaluate 5 + 3 + -13 + 76 + (-21 - -13).
63
What is the value of -41 + (74 - 110) - -147?
70
-7 + 33 + 4 - -4
34
What is the value of (-1 + -1 - -2 - (-63 - (-49 + -18))) + 21?
17
(-102 - -139) + -15 - (1 + -17)
38
What is the value of 20 - (38 + (-6 + 5 - (66 - 87)))?
-38
(-1 - (-8 + (10 - 0))) + 113 + -30
80
Calculate 49 + (-90 + 32 - 9).
-18
What is (-32 - 20) + 74 - 51?
-29
What is 29 - (-466 + 509 + (81 - 0))?
-95
What is 29 + (-9 + 47 + 7 - 53)?
21
What is the value of 147 + -31 + 2 + -56?
62
What is the value of (1 - -74) + (6 + 1 - (33 + -55 + 25))?
79
Evaluate (-2 - (-6 - 6)) + (-56 - -58) + 4 + -6.
10
Calculate 48 + (-71 - -36) + 1 + -115 + -9.
-110
(2 + 7 + -6 - -55) + (12 - (19 + -10))
61
Calculate (0 - 13) + 3 - (11 + 7).
-28
What is 78 + -84 + 2 + 12 + 15 + -8 + 20?
35
Calculate -3 - -15 - (-511 + 480).
43
What is (9 - (0 - 14 - -5 - 50)) + (4 - 5)?
67
What is -2 - -96 - 4 - (-26 + 22 + 24)?
70
What is the value of (-32 + 61 - (6 - 0) - (-5 + 17)) + 31?
42
Evaluate 3 - 20 - (-41 + -13 - -23).
14
Evaluate -14 + (-146 + 177 - (-3 - 4)).
24
15 + -1 + (11 - ((505 - 465) + (0 - -11)))
-26
Calculate -69 - (-363 + 274) - (-29 + 3 + -2).
48
What is the value of 163 + (130 - 288) + (-2 - (-17 + 2 + -2))?
20
Evaluate (-21 + (41 - 11) - (-1 + 6)) + 11.
15
(50 - 26 - -39) + 12 - 17
58
(-16 - -32) + 34 + -12
38
1 + -24 - (-3 - 76 - 19)
75
What is (-11061 - -11032) + 0 + (3 - 0)?
-26
What is the value of (38 - 40 - (1 - 3) - 2) + (-30 - -161)?
129
What is the value of -2 + -34 + 9 + 712 + -673?
12
Evaluate (-4 - -31 - 13) + (-22 + -16 - -16).
-8
What is 11 - (19 + -5 + 7 + (134 - 175))?
31
What is (19 - 27) + 28 + (2 - 61)?
-39
Calculate (121 - 169) + (17 + -15 - -10).
-36
What is the value of -203 + (148 - -25) - (2 - (0 - 1))?
-33
Calculate -4 + 18 + 4 - (-131 + 95 + -7).
61
Calculate -4 + 3 + 5 + -14 + -13 + 0 + 21.
-2
What is -4 + (-11 + 14 - 4 - 36) + -2?
-43
What is the value of -3 - 0 - (-45 - 1) - 21?
22
Calculate 8 + -8 + (11 + 0 - -35) - 7.
39
Evaluate 1 + 1 - (-84 + (0 - -31) - (-11 - 2)).
42
(-89 + 48 - -78) + -24 + (1 - 71)
-57
Evaluate 10 + 11 + (-102 - -7) - (-4 + -16).
-54
-56 + (-18 + 6 - (-13 + -15))
-40
What is the value of (-31 - (26 + -69)) + 1 + 0 + -22?
-9
What is -37 - (2 + -50 - (-28 + -7))?
-24
What is the value of -49 + 109 + -58 - 8?
-6
What is the value of 6 - ((-36 - (8 + -14)) + 7)?
29
Calculate 25 + (32 - (158 - 80)).
-21
Calculate -157 + (93 - 59) + 82.
-41
What is 0 - 1 - 10 - -3 - (611 + -648)?
29
What is -10 - (30 - (-19 - -3 - -10 - 0))?
-46
4 + 12 - (-2 - 2 - (-67 + -9))
-56
Evaluate -108 + (160 - 4) - (3 + 8 - (-3 + 3)).
37
Evaluate 20 + 1 + (4237 + -4366 - (1 - -14)).
-123
What is 0 + -10 - (272 + -502 + 218)?
2
Calculate (-41 - -42 - 12) + -2.
-13
19 + -10 - (-34 + 3 - (-17 + 11 + 0))
34
What is (-5 - (7 - (66 + -15))) + 12?
51
Evaluate -17 + 6 + 22 + -14 + -12.
-15
(-2 - 3) + -9 + 40 + -21 + -30
-25
What is -55 + 0 + 26 + (31 - 32 - 37)?
-67
(-42 - -27 - (-20 - -17)) + 0 + 6
-6
What is 74 + -31 - (-34 + 42)?
35
What is 1 - (47 - (37 - -6))?
-3
Evaluate -3 - (-3 + 27 - 1) - (66 + -59 - 12).
-21
Calculate (-24 + 2 - -22 - 15) + (-3 - -29).
11
Calculate -1457 + 1435 - (-1 - 52) - 18.
13
What is the value of 8 - 9 - (-17 + (15 - 0 - -64))?
-63
What is -84 - ((-108 - 31) + 91)?
-36
Evaluate 20 - (2 - 9 - (23 - 40)).
10
Calculate (90 - -45) + -120 + -49.
-34
Evaluate 36 + -115 - 8 - -21.
-66
Evaluate (-1 + 12 - (-217 + 285)) + -2.
-59
Evaluate 11 - (136 + -144 - ((-1 - -94) + 2)).
114
56 - (-68 - -15 - -42)
67
What is the value of 15 + (47 - 30 - -21)?
53
Evaluate 41 - (54 - (-7 + 24)) - 22.
-18
-5 - -10 - (0 + 2 + -1 - -13)
-9
Calculate (6 - (10 + -15 + 16)) + -2 + 6 + 31.
30
What is (-4 + 1 - (101 - 105) - 76) + -1 + 7?
-69
Evaluate 28 + 125 + -156 - (-2 + (31 - 0)).
-32
Evaluate 381 - 370 - (-2 + 19).
-6
What is the value of -1 + -8 - (-19 + 13 + 13 + 27)?
-43
(49 - (60 + -44)) + (-10 - -2) + 0
25
Evaluate -1 - (47 - 3) - (-1481 + 1450).
-14
What is the value of -71 - -9 - (25 + -100)?
13
Calculate (67 - 37) + 2 + (-3 - (-4 - 3)).
36
What is the value of (205 - -7) + -200 + (-128 - 1)?
-117
Evaluate (1 - 27) + 37 - (-2 - 1) - 25 - -158.
147
Evaluate (-10 + 19 - -9 - 51) + -10.
-43
Evaluate (32 - 79) + 36 + -27.
-38
What is 41 - (24 + (6 - -4 - 94))?
101
Evaluate -6 + 6 - (6 + 23 + 10).
-39
(28 - 0) + ((6 - 8) + -18 - (-189 + 173))
24
0 - 116 - (12 - 51 - -13)
-90
Evaluate 11 + (-11 - (-1 + -6 + (24 - 4))).
-13
What is (-1 - (-38 - (-15 + 5)) - 12) + -67?
-52
Calculate -6 + -25 - (951 - 896).
-86
What is -2 - -8 - ((28 - 8) + -14) - 11 - -33?
22
24 - (14 - (6 + -6 + 16))
26
What is the value of (-36 - (29 - 65) - (102 + -2)) + 3?
-97
Calculate 40 + 1 - ((25 - 13) + (-9 - 1)) - 2.
37
(-17 - (42 - 19)) + 59
19
What is 17 - 33 - (20 - 11 - 1)?
-24
17 + (45 - 25 - 30)
7
Evaluate 11 + 0 + (92 - (-108 - -108)).
103
Calculate 58 - 56 - (19 - 2) - -34.
19
What is -13 + 31 - 34 - (15 - 4 - 31)?
4
0 + -34 - (-9 + 2) - (-14 - -2)
-15
What is the value of -154 + (-58 - -138) + -39?
-113
What is -43 + -36 + 51 - -32?
4
-199 - (-29 + (-162 - -57))
-65
Calculate 64 + (91 - 72) + -8.
75
Calculate 27 - 21 - -33 - (46 + -25).
18
What is 2613 + -2594 + (0 - 2 - 0)?
17
What is the value of 12 + (-60 + 62 + -2 + -64 - 4)?
-56
Calculate -23 + (-54 + -113 - -42 - (2 - 12)).
-138
Evaluate -16 + 7 + -41 + (45 - 37) + 4.
-38
Calculate 71 + 5 + -8 + (-16 - (-11 - 2 - -2)).
63
Evaluate -6 + 8 + -4 + 2 + (-109 - -107).
-2
Calculate (-6 + -2 + 76 - (-62 + 71)) + 8.
67
What is (1 - 1 - -13) + (1 - -8 - (-48 + 67))?
3
Evaluate -117 + 120 - -15 - -59.
77
What is the value of -9 - (78 + -55 + 20)?
-52
Evaluate -4 + (0 - 3) + (38 - (-23 - -28)).
26
Calculate 17 + (-2 - 0) + -6 + (-69 - 14).
-74
Evaluate 52 + (-218 - -151) + -81.
-96
What is 3700 + -3705 + (20 - (-1 + -1))?
17
(-4 - 7) + (8 + 17 - 8) + 2
8
-3 + 22 - (-133 + 61 + 184)
-93
What is the value of -111 + (96 - 67) + 103?
21
What is the value of ((32 - 26) + 3 + -7 - 2) + 7?
7
Calculate 39 + 0 - (-4 - (34 - -3) - -35).
45
Calculate 7 + (4 - -11) + (1 - 2) + 8 + -3.
26
What is (1 - 2 - -1) + (-72 - -32) + 12 + -6?
-34
Evaluate 0 - 27 - (-12 + (7 - (-22 - -19))).
-25
Evaluate 7 + 2 - (7 + 0 - ((23 - 0) + -20)).
5
Calculate 7 + (2 - ((-8 - -16) + -1 + -7) - -2).
11
What is 552 + -460 - (-4 - (7 + -9 + 5 + -1))?
98
-17 - (-1 + (-134 - -18 - -11 - -7))
82
Calculate (-11 + 11 - (17 + -25)) + 18.
26
What is the value of -38 + 3 - (4 - 15 - (5 + -19))?
-38
What is the value of 3 - (1 + -2 - (24 + 16 + (9 - 88)))?
-35
Evaluate (-1 - (7 - (4 + 4))) + -2 + -14 + 2.
-14
What is the value of (2584 - 2533) + 3 + -25 + -1?
28
72 + -49 + (-8 - (5 - 25))
35
Evaluate -6 - 20 - (-129 - -75).
28
(-16 - -38 - 6) + -41 - -90
65
1 + -13 + ((-50 - 27) + 26 - 27)
-90
72 + -83 + -2 + -32
-45
38 + 1 + (102 - 151) - 13
-23
Evaluate -85 - (-146 + 41 - -109).
-89
What is the value of (21 + -114 - -71) + 110?
88
Calculate (-27 - -17) + -7 + (14 - 11).
-14
-2 + -46 + (-14 - -26 - -1)
-35
What is the value of -1254 + 1241 + 55 + 4?
46
Evaluate -326 + 331 + (48 - 4).
49
8 + -33 - 46 - -100
29
Calculate -36 + (1 - (0 + 5)) + -295 + 286.
-49
What is the value of 14 + -3 + (-1 + 4 - 3 - (-74 - -75))?
10
27 + 24 + -28 - (-4 + -7)
34
What is the value of 127 + 5 - 6 - ((-19 + 30 - -2) + -7)?
120
What is 2 + -7 + -12 - (2 + 18)?
-37
Calculate (8 - 3) + (23 + 41 - 34) - -10.
45
Evaluate -2 + (8 - -3) + -22 + -31.
-44
What is -4 + 5 - 86 - ((2 - -24) + -25)?
-86
Calculate -14 + (-6 - (-87 + (-21 - 2 - -12))).
78
Calculate (4 - (2 - 1)) + (-201 - (-553 + 335)).
20
28 - (-4 - -2) - (158 - (33 - -106))
11
What is the value of -61 - -48 - 11 - (-1 + -2 + -2)?
-19
Calculate -7 + 1 + 1 + (